+ 58. Let d(h) = -30*h + 15. Let t be d(1). Is f(t) a composite number?
False
Let b = 128706 - 73403. Is b prime?
False
Let b = -30 + 32. Suppose -b*d + 16 = -3*v, -3*d + 3*v + 17 + 4 = 0. Suppose 1041 = a - d*o, -4*a - 4*o + 4973 - 809 = 0. Is a prime?
False
Suppose 11 = -o + 2*t, 10*t - 50 = 5*o + 5*t. Is 128556/27*o/(-4) a composite number?
True
Suppose 7*g = -75144 - 279112. Is (-1 - 0)*g/16 composite?
False
Suppose 3*s + 368956 = 3*i - 801494, -4*i + 1560630 = 2*s. Is i a composite number?
True
Suppose 123919513 = 173*r - 168406372. Is r a composite number?
True
Let a = -131 + 112. Let r(b) = 55*b**2 - 28*b + 44. Is r(a) a composite number?
False
Let x(m) be the second derivative of -2999*m**3/6 - 37*m**2/2 + 9*m - 5. Is x(-4) a composite number?
False
Let t(o) = -47166*o**3 - o**2 + 30*o + 63. Is t(-2) prime?
True
Let f be (-22081 - 30/(-6)) + 2. Let c = -4397 - f. Is c a prime number?
False
Suppose 3*j = j - 0*j + 155978. Is j prime?
False
Let m be ((-36)/10)/(13/5200). Let q = 193 - m. Is q a composite number?
True
Let b(r) = -473 + 426 - 6133*r + 1006*r. Is b(-2) prime?
False
Let b(k) = -6*k**3 - 21*k**2 + 42*k + 3. Let c be b(-14). Let j = c - 4706. Is j a composite number?
False
Let s(a) = -3*a - 14. Let i be s(-10). Let q = i + -5. Suppose -q*c + 2060 = -7*c. Is c prime?
False
Let l(c) = -6602*c**2 + 41*c - 26. Let u(j) = 3301*j**2 - 18*j + 13. Let v(d) = 4*l(d) + 9*u(d). Is v(-2) a composite number?
True
Let f(q) = -2528*q + 691. Is f(-6) composite?
False
Let n(f) = 3*f**2 + 14 - 3 + 6*f - 4. Let b be n(5). Suppose 3*c + 137 = i + c, 0 = -i - 3*c + b. Is i prime?
True
Let c(k) = -k**3 + 58*k**2 - 229*k - 37. Is c(50) composite?
False
Let q(f) = 1138*f - 17. Let t(m) = 3413*m - 50. Let p(g) = 11*q(g) - 4*t(g). Is p(-1) a prime number?
False
Suppose 70543 = 21*f - 37754. Is f/1 - 21/((-273)/(-52)) a composite number?
False
Let p = 23531 - -53786. Is p a prime number?
True
Suppose 0*c + 945858 = 3*c - 3*x, -3*c = 5*x - 945818. Is c a prime number?
True
Let o be -2 - -4644 - (-1)/(2 - 3). Let z = 221 + o. Let r = z - 2364. Is r a prime number?
False
Let l(c) = c**2 - 8*c + 3895. Let w be l(0). Let h = w + -2778. Is h composite?
False
Is -4 - (-6)/(24/97388) composite?
True
Suppose -5*v + 3*u = -163088, -4*v + 0*v + 3*u = -130471. Suppose -5*j + b = -3*b - v, -6506 = -j - 5*b. Is j a composite number?
False
Suppose -5*h = -8*h + 15. Suppose j + 2*w + 7 = 0, 2*j + 3*j - h*w = 40. Suppose 0 = -j*m + 10*m - 2317. Is m a prime number?
True
Suppose -5*y - 300 = -0. Is (-3)/(-5) - 37824/y prime?
True
Suppose -12 = -3*h, 12*i + h = 9*i + 10477. Suppose 4*z - 2*y = 9796, -y - 2*y = 5*z - 12234. Let v = i - z. Is v prime?
False
Suppose 24 + 45 = 3*w. Let l = w - 31. Is (9/(-3) - 2951)*4/l a composite number?
True
Let c = -6 + 74. Let d = -76 + c. Is (642/d)/(-4 + (-45)/(-12)) prime?
False
Let d(b) = -1090*b + 49. Let h be d(-13). Let g = h - 8464. Is g a composite number?
True
Suppose -2*o - x + 3485 = -2*x, 4*o = -3*x + 6985. Let p = -369 - o. Let c = p + 3068. Is c a composite number?
True
Let h be 8*1/2 - 0 - 847. Let x = h - -1345. Is x a prime number?
False
Suppose 67 = -4*n + 2*v - 7, -3 = -3*v. Is (8166/8)/((n/48)/(-1)) a prime number?
False
Let m(s) = -s**2 + s + 4. Let x be m(0). Let y(q) be the third derivative of q**5/12 + q**4/12 - 3*q**3/2 + 222*q**2 - 2. Is y(x) a prime number?
True
Is (-4 - (-8719638)/54) + ((-129)/27 - -5) a prime number?
True
Let k(c) be the third derivative of 37*c**4/24 + 17*c**3/2 - 61*c**2. Is k(8) composite?
False
Let u(x) = x**3 - 4*x**2 + 5*x - 9. Let g be u(6). Let d(f) = -1 + 6*f - g*f**2 + 110*f**2 - 15*f. Is d(6) composite?
False
Let s(z) = -6075*z + 271. Is s(-4) a composite number?
False
Let g(h) = 179*h**2 + 9*h + 19. Let b be g(6). Let y = b - 2834. Is y composite?
True
Let s be (982/(-5))/((-26541)/2655 + 10). Is s/(-20) + 3/30 a prime number?
True
Suppose -2*b + 6 = 2*v, -2*b - 6 = 5*v + 3. Suppose -15 - b = i. Let j = i - -354. Is j a composite number?
False
Suppose -t = 5*o, -4*t = t - o + 52. Let f(x) = -660*x + 28. Let v be f(t). Suppose -27*q = -23*q - v. Is q composite?
False
Let j = -73683 - -167936. Is j a prime number?
True
Let f(d) = -3018*d**2 - 7*d + 9. Let v be f(2). Let o = -7986 - v. Is o a composite number?
False
Is 5 + (2*1/2 - (-28 + -4155)) a composite number?
True
Suppose 120*s + 2479395 = 19660155. Is s a prime number?
False
Suppose 2*j - 4*m = 420, -2*j + 3*m + 351 = -66. Is (52989/j)/(1/12) prime?
False
Let v(d) = -d**2 - d + 2. Let f be v(0). Suppose f*s - 3*s + 141 = 0. Is s prime?
False
Let h = 272 + -264. Is ((h - -1) + -2)*(7 - -6046) composite?
True
Let c be (-3)/(9/(-339)) - 21/(-3). Suppose 3 + 1 = 4*t, -937 = -5*m - 2*t. Let p = c + m. Is p a prime number?
True
Let t be (143/26)/((-2)/(-4)). Suppose t*m - 10*m = 5*b + 657, 2692 = 4*m - 4*b. Is m a prime number?
True
Let z be 12/3*169/4. Suppose 1753 = 31*j - 200. Is (z/(-3) + -3)/((-6)/j) prime?
False
Suppose -5*f + 14 = 2*v, -4*v = 2*f + 10 - 6. Suppose 0 = -u + 4*l + 940, 0*u + 2*l + 4718 = 5*u. Suppose 4*q - u = -f*q. Is q a prime number?
False
Suppose 0*m = -3*q + 3*m + 46527, m = -q + 15517. Suppose 3*z + 21*f = 19*f + 11621, -4*z + f + q = 0. Is z a prime number?
True
Is -4 - -4*((-1294542)/(-8) - -9) a prime number?
True
Let v(y) = -250*y**2 + 36*y - 11. Let b(c) = 83*c**2 - 14*c + 4. Let j(f) = -8*b(f) - 3*v(f). Let i = -1 - -4. Is j(i) a prime number?
True
Suppose -26 = -7*r + 2. Suppose u + 4 = r. Suppose -z + u*z + 4*n = -711, 4*z = -n + 2878. Is z composite?
False
Let a = 83 - 69. Let z = 18 - a. Suppose -3*q - 6*c = -8*c - 10377, -z*q + 3*c + 13837 = 0. Is q prime?
True
Let w be (-10)/(-85) + (-982)/(-34). Suppose 0 = w*s - 28*s - 395. Is s a prime number?
False
Suppose 9406726 = 91*c - 33989991. Is c a composite number?
False
Let u(h) = 8312*h**2 + 197*h + 928. Is u(-5) prime?
True
Let j = 153 + -106. Let x = -45 + j. Is -1 + (-3513)/(-4) - x/8 prime?
True
Suppose 0*h + 36 = h. Let i = -34 + h. Suppose 0 = -i*u + 3*u - 291. Is u a composite number?
True
Let d(i) = -i**2 - 9*i - 13. Let c be d(-7). Let w be c/(-4) + 0 + 462/24. Let y(v) = v**2 - 2*v + 30. Is y(w) a prime number?
True
Suppose 0 = c - 2 - 1. Let z be (12/30 + 38/30)*c. Suppose z*d - 244 - 546 = 0. Is d prime?
False
Suppose 1745 - 11175 = -10*j. Is j a composite number?
True
Let j = -5 + 1. Let o = 1603 - 1357. Is ((-46)/6)/((j/o)/2) a composite number?
True
Let f(b) be the third derivative of -26*b**4/3 + b**3/2 - 2*b**2. Let y(v) = 4*v**2 - 3*v - 1. Let t be y(0). Is f(t) a prime number?
True
Is 50/10 - -47452 - 4/(-2) prime?
True
Suppose -2*t + 2*b + 3*b + 16144 = 0, 4*t + 4*b - 32344 = 0. Let f = t + -5563. Is f a composite number?
True
Let m(p) = -10*p**3 + 19*p**2 + 62*p - 77. Is m(-16) a composite number?
True
Is (-12 - (-19 + 4))/((-3)/(-54521)) a composite number?
False
Let x(n) = -2*n**3 + 5*n**2 - 11*n + 107. Let z be x(6). Is (264/(-121) + 4/22)*z prime?
False
Let o be (-109)/(-2) + 153/102. Is 1*((-88977)/(-24) - 21/o) composite?
True
Let x(r) = 10*r + 5 + 25*r + 89*r + 18*r. Is x(12) a composite number?
False
Let f be (-14)/(-3) + ((-12)/(-18))/(-1). Is 9/3*((-2456)/(-6))/f a prime number?
True
Let g = -61 - -67. Is (-2 - -3967) + (-2 - g)/(-4) a composite number?
False
Let y(v) = 202445*v - 23. Is y(2) composite?
True
Let j(u) = u**3 + 20*u**2 + 17*u + 33. Suppose -40 = -0*z + 4*z. Is j(z) a composite number?
False
Let z be (-418)/(-152) - 2/(-8). Is z*15/18*1994 prime?
False
Suppose 0 = -0*o - 5*o + 14850. Let p = 4165 - o. Suppose 54 + p = t. Is t a composite number?
False
Let h = -27851 + 16316. Let d = h + 20302. Is d prime?
False
Is (-2)/(-13) + 1074648663/1287 a prime number?
False
Suppose -160 = -608*w + 600*w. Is w/8*-2 + 2740/1 a prime number?
False
Let q = -193 - -193. Let u be (0 - -4) + 0 + -1. Suppose 3*n + 3275 = 4*l, -u*l - 4*n + 5*n + 2455 = q. Is l a composite number?
True
Let w be (-1*2/6)/((-3)/(-47043)). Is 3*(w/6)/((-17)/34) a prime number?
True
Suppose 0 = -6*o - 7 + 61. Is -6 + o + 227*26 composite?
True
Let r be 18/126 + 80289/7. Suppose -6*p - r = -16*p. Is p composite?
True
Let c be ((54/12)/9)/((-2)/24). Is 12/c*1*-1 - -519 composite?
False
Let g(q) = -q**3 - 4*q**2 + 14*q + 10. Let m(h) = 